**3 + 34*w**2 + 27*w - 77. Give f(3).
-14
Let w(v) = -794*v + 4774. Calculate w(6).
10
Let o(l) = 6*l**2 + 57*l - 270. Determine o(-13).
3
Let i(s) = s**3 + 19*s**2 + 95*s + 73. Calculate i(-8).
17
Let w(c) = -26*c + 78. What is w(7)?
-104
Let t(x) = -x**3 + 13*x + 22. Give t(-4).
34
Let g(y) = 1050*y - 197402. What is g(188)?
-2
Let l(s) = 33*s + 205. What is l(-7)?
-26
Let i(a) = -17*a + 66. Give i(0).
66
Let u(n) = 2*n**3 + 20*n**2 + 7*n + 121. Give u(-10).
51
Let i(s) = s**3 - 23*s**2 + 4*s - 84. What is i(23)?
8
Let g(f) = -6*f**2 - 33*f + 182. Determine g(-9).
-7
Let d(u) = -2*u**2 - 57*u - 143. Determine d(-27).
-62
Let l(a) = 2*a**3 + 52*a**2 + 20*a + 551. Give l(-26).
31
Let b(m) = -18*m - 143. Determine b(13).
-377
Let h(c) = c**2 - 23*c + 57. Give h(20).
-3
Let w(q) = 606*q + 3722. Calculate w(-6).
86
Let g(d) = -3704*d - 7413. What is g(-2)?
-5
Let w(h) = -h**2 - 134*h - 2720. Determine w(-25).
5
Let m(c) = -19*c**2 + 54*c + 178. Calculate m(-3).
-155
Let c(z) = 410*z - 2946. Calculate c(7).
-76
Let l(g) = 156*g - 37318. Calculate l(239).
-34
Let i(m) = 2554*m + 10230. Calculate i(-4).
14
Let r(z) = 41*z**2 + 214*z + 37. Calculate r(-5).
-8
Let m(z) = z - 21. Determine m(-8).
-29
Let z(d) = -2*d**3 - 41*d**2 + 121*d - 24. Calculate z(-23).
-162
Let j(h) = 6*h**3 - 500*h**2 + 166*h + 7. Give j(83).
7
Let v(s) = 3*s**2 - 27*s - 75. What is v(-3)?
33
Let d(k) = -46*k - 747. Give d(-17).
35
Let p(b) = -380*b - 2659. Give p(-7).
1
Let n(j) = -j**3 - 63*j**2 - 7*j - 113. Determine n(-63).
328
Let r(i) = 34*i + 1496. What is r(-44)?
0
Let y(r) = r**3 - 27*r**2 + 53*r - 72. What is y(25)?
3
Let a(g) = 12363*g + 98916. Determine a(-8).
12
Let o(w) = -2*w**2 + 1054*w - 5226. What is o(5)?
-6
Let b(g) = g**3 + 6*g**2 + 45*g + 284. What is b(-6)?
14
Let g(q) = q**3 - 18*q**2 - 181*q - 295. Calculate g(-2).
-13
Let z(x) = -29*x - 208. Determine z(-7).
-5
Let z(x) = -207*x**2 - 3*x + 1. Give z(-1).
-203
Let a(m) = -m**3 - 11*m**2 - 5*m - 8. Determine a(-11).
47
Let a(s) = 4*s + 1160. Determine a(-283).
28
Let u(x) = 5*x - 242. Determine u(50).
8
Let p(z) = 143*z**2 + 4*z + 5. Calculate p(-2).
569
Let t(w) = -w**3 - 46*w**2 + 52*w + 154. Determine t(-47).
-81
Let f(j) = -46*j - 224. Determine f(-5).
6
Let i(d) = 33*d - 247. Give i(6).
-49
Let c(p) = p**2 + 1590*p - 20. Calculate c(0).
-20
Let r(n) = -n**3 - 9*n**2 + 26*n - 70. Calculate r(-12).
50
Let h(l) = -l**3 - 37*l**2 + 45*l + 219. Calculate h(-38).
-47
Let p(w) = -9*w**2 + 398*w + 180. Calculate p(45).
-135
Let a(z) = -z**3 - 7*z**2 + 13*z + 35. Determine a(-8).
-5
Let d(v) = 2*v**2 + 61*v - 186. Calculate d(-33).
-21
Let n(g) = 31*g**2 - 3*g - 3. Give n(2).
115
Let q(k) = -k**3 + 37*k**2 - 82*k - 688. Give q(34).
-8
Let o(p) = 219*p - 3576. Determine o(17).
147
Let a(l) = 1302*l - 1289. Give a(1).
13
Let o(p) = -p**3 + 72*p**2 + 147*p - 2. Give o(-2).
0
Let u(b) = -62*b**2 + 289*b + 290. What is u(-1)?
-61
Let g(i) = -148*i - 11983. What is g(-81)?
5
Let k(b) = -20*b + 355. Give k(22).
-85
Let s(g) = -g**3 - 5*g**2. Calculate s(-7).
98
Let n(p) = -p**2 + 467*p + 3331. Give n(-7).
13
Let s(h) = 36*h**3 + 2*h**2 - h + 1. Determine s(-2).
-277
Let z(d) = -2*d**3 + 25*d**2 - 54*d + 503. Calculate z(12).
-1
Let k(j) = j**3 - 14*j**2 + 12*j + 38. What is k(13)?
25
Let o(j) = -14*j**2 + 87*j + 11. Give o(7).
-66
Let y(c) = -c**3 + 30*c**2 - 5*c + 132. What is y(30)?
-18
Let p(j) = -2*j**2 - 2032*j + 20525. What is p(10)?
5
Let a(g) = -22*g**2 - 6*g - 40. Give a(-3).
-220
Let y(p) = -2*p**3 - 9*p**2 - 3*p + 33. What is y(4)?
-251
Let y(h) = 109*h + 767. Give y(-7).
4
Let s(q) = -q**2 - 963*q - 3831. Give s(-4).
5
Let g(t) = 2*t**2 - 126*t + 249. Give g(61).
5
Let b(n) = -16*n**2 + 202*n - 82. Calculate b(12).
38
Let k(r) = -2*r**3 - 5*r**2 - 27*r - 95. Give k(-3).
-5
Let z(l) = 2*l**3 - 52*l**2 - 56*l + 121. Give z(27).
67
Let l(r) = -r**2 + 83*r - 262. Calculate l(82).
-180
Let v(x) = 3*x**2 - 91*x + 532. Calculate v(22).
-18
Let q(h) = -22*h - 1370. Give q(-62).
-6
Let a(z) = 4*z**3 + 103*z**2 - 24*z - 36. What is a(-26)?
-88
Let s(k) = -k**3 + 84*k**2 - 254*k + 889. Give s(81).
-2
Let p(b) = -2*b**3 - 33*b**2 + 18*b - 16. Calculate p(-17).
-33
Let u(f) = -170*f + 4758. Give u(28).
-2
Let a(f) = f**3 + 32*f**2 - 82*f - 342. What is a(-34)?
134
Let g(h) = h**3 + 7*h**2 - 83*h + 27. Give g(6).
-3
Let m(b) = b**3 + 12*b**2 + 45*b + 51. Calculate m(-3).
-3
Let x(v) = 24*v - 718. Calculate x(34).
98
Let j(r) = r**3 + 10*r**2 - 30*r - 297. Determine j(-9).
54
Let d(s) = 3*s**2 - 143*s - 23. Determine d(0).
-23
Let u(j) = -2*j**2 - 18*j + 20. Calculate u(-8).
36
Let c(u) = -u**3 + 49*u**2 - 11*u + 525. Give c(49).
-14
Let r(j) = -j**2 + 14*j + 164. Determine r(27).
-187
Let f(a) = -21*a**3 - 208*a**2 + 24*a + 7. Determine f(-10).
-33
Let u(r) = r**2 + 35*r + 328. What is u(-12)?
52
Let q(f) = -2*f**3 + 35*f**2 + 16*f + 40. What is q(18)?
4
Let c(f) = -8*f**2 - 10*f + 6. Determine c(-2).
-6
Let q(y) = y**3 + 61*y**2 + 4*y + 244. Calculate q(-61).
0
Let i(m) = -2*m**2 + 153*m - 740. Calculate i(71).
41
Let g(f) = 5*f**3 + 72*f**2 - 36*f - 52. Determine g(-15).
-187
Let t(i) = 81*i - 18. Give t(9).
711
Let b(h) = -14*h + 276. What is b(16)?
52
Let p(f) = 40*f + 177. Give p(-7).
-103
Let z(d) = 2*d + 22. What is z(-21)?
-20
Let a(v) = -184*v - 1109. What is a(-6)?
-5
Let c(z) = 65*z - 713. Give c(11).
2
Let c(a) = -8*a**2 - 171*a - 200. What is c(-20)?
20
Let z(h) = 64*h**2 - 1725*h - 65. Determine z(27).
16
Let y(u) = -u**3 - 7*u**2 + 38*u + 233. What is y(-8)?
-7
Let i(z) = -13*z + 262. What is i(20)?
2
Let o(m) = 9*m - 32. Calculate o(-31).
-311
Let b(l) = 47*l - 234. Determine b(3).
-93
Let a(r) = r**3 - 19*r**2 - 32*r + 15. Give a(20).
-225
Let o(m) = -65*m + 504. Calculate o(9).
-81
Let l(a) = -a**3 + 43*a**2 + 57*a - 2448. Give l(43).
3
Let g(y) = -14*y - 107. What is g(-15)?
103
Let u(t) = 2*t**3 + 2*t**2 - 9*t + 10. What is u(-4)?
-50
Let f(q) = -q**2 + 7*q + 9. Calculate f(6).
15
Let g(i) = 3*i**3 + 2*i**2 + 5*i - 14. Give g(2).
28
Let z(n) = 514*n - 2052. Give z(4).
4
Let c(f) = -f**2 + 8097*f + 146065. Calculate c(-18).
-5
Let o(z) = 84*z - 150. Calculate o(4).
186
Let b(n) = n**3 + 3*n**2 + 8*n + 67. Give b(-5).
-23
Let f(l) = 492*l - 3417. Calculate f(7).
27
Let b(c) = -683*c - 27322. Calculate b(-40).
-2
Let y(w) = -2*w**2 + 205*w - 2418. Determine y(89).
-15
Let k(g) = g**3 + 33*g**2 + 21*g - 1286. Calculate k(-31).
-15
Let m(v) = v**2 + 27*v + 152. Determine m(-17).
-18
Let s(h) = -38*h - 251. What is s(-5)?
-61
Let r(z) = -z**2 - 111*z - 2028. Determine r(-88).
-4
Let l(y) = -75*y - 459. Calculate l(-6).
-9
Let l(k) = k**3 + 142*k**2 - 2528*k + 125. Give l(-158).
125
Let a(q) = 477*q + 446. Give a(-1).
-31
Let c(d) = d**2 + 16*d + 35. What is c(-21)?
140
Let i(j) = -31*j + 503. Give i(26).
-303
Let j(s) = -3*s**3 - 86*s**2 - 210*s - 16. Give j(-26).
36
Let o(q) = -138*q + 393. Determine o(6).
-435
Let j(t) = t**2 + 564*t - 2844. What is j(5)?
1
Let c(t) = 103*t - 122. Calculate c(-5).
-637
Let q(a) = a**3 - 27*a**2 - 40*a + 118. Determine q(28).
-218
Let i(g) = g**3 - 2*g + 6. What is i(0)?
6
Let y(p) = p**3 + 14*p**2 - 49*p + 32. Calculate y(-17).
-2
Let l(f) = f**3 - 14*f**2 + 49*f + 4. Determine l(8).
12
Let j(c) = -c**2 + 17*c - 22. Determine j(16).
-6
Let j(u) = 3*u**2 + 102*u + 723. Give j(-24).
3
Let y(s) = -157*s - 1047. Determine y(-8).
209
Let b(d) = -306*d - 8565. What is b(-28)?
3
Let s(b) = 494*b + 102239. Determine s(-207).
-19
Let r(h) = h**3 + 93*h**2 + 71*h - 1892. What is r(-92)?
40
Let s(t) = t**3 + 46*t**2 + 49*t - 30. Determine s(-45).
-210
Let v(b) = b**2 + 18*b + 42. Determine v(-12).
-30
Let a(f) = -544*f - 62009. Give a(-114).
7
Let a(t) = t**2 - 26*t - 11261. Determine a(120).
19
Let w(h) = h**3 - 9*h - 3. Give w(3).
-3
Let b(q) = 15*q**2 - 3*q + 9. Give b(-3).
153
Let u(c) = c**3 + 5*c**2 - 21*c - 2. What is u(-9)?
-137
Let y(h) = -17*h**2 + 11*h + 220. Give y(4).
-8
Let q(l) = 8*l**2 + 12*l - 18. What is q(0)?
-18
Let y(t) = -t**3 + 6*t**2 - 4*t + 25. Calculate y(6).
1
Let m(c) = -35*c - 2515. Give m(-72).
5
Let o(k) = 3*k**3 - 7*k**2 - 232*k + 21. Give o(10).
1
Let c(f) = 235*f**2 - 272*f - 272. Determine c(-1).
235
Let c(i) = -11*i**2 + 71*i - 17. Give 